 a multiple of 35?
True
Does 61 divide 430148?
False
Is 24548832 a multiple of 297?
True
Is 807043 a multiple of 18?
False
Does 8 divide 8079352?
True
Is 406742 a multiple of 14?
True
Is 46 a factor of 135654?
True
Is 74 a factor of 7622?
True
Does 212 divide 2153608?
False
Is 153 a factor of 68257?
False
Does 61 divide 6927913?
False
Is 28 a factor of 60793?
False
Is 4330591 a multiple of 609?
False
Does 20 divide 4780080?
True
Does 121 divide 12100?
True
Is 87456 a multiple of 6?
True
Does 34 divide 103746?
False
Is 13680 a multiple of 32?
False
Does 20 divide 520701?
False
Is 289 a factor of 2107696?
False
Does 93 divide 3890055?
False
Is 108304 a multiple of 12?
False
Is 10 a factor of 383970?
True
Is 9132 a multiple of 14?
False
Is 17 a factor of 249626?
False
Is 1410255 a multiple of 605?
True
Does 136 divide 238680?
True
Is 103 a factor of 4495475?
False
Does 41 divide 1635453?
False
Is 50 a factor of 159151?
False
Is 32 a factor of 4000?
True
Is 8 a factor of 95680?
True
Is 5 a factor of 18945?
True
Is 337817 a multiple of 7?
False
Is 3008 a multiple of 4?
True
Is 750 a multiple of 42?
False
Does 64 divide 21619200?
True
Is 41 a factor of 154063?
False
Does 10 divide 785922?
False
Is 10561266 a multiple of 1674?
True
Is 15 a factor of 50053?
False
Does 23 divide 20815?
True
Is 41 a factor of 270948?
False
Does 18 divide 117083?
False
Does 114 divide 3614256?
True
Is 140390 a multiple of 102?
False
Is 6849508 a multiple of 24?
False
Is 71274 a multiple of 14?
True
Does 9 divide 53932?
False
Is 2752930 a multiple of 305?
True
Does 7 divide 10941576?
False
Is 1746 a multiple of 97?
True
Is 336666 a multiple of 33?
True
Is 13986839 a multiple of 140?
False
Is 1844725 a multiple of 26?
False
Is 13411348 a multiple of 980?
False
Does 15 divide 701218?
False
Does 128 divide 2189204?
False
Is 32 a factor of 166340?
False
Is 1860 a factor of 13287840?
True
Does 18 divide 10210261?
False
Is 27050 a multiple of 50?
True
Is 16 a factor of 98945?
False
Is 81 a factor of 299052?
True
Is 41 a factor of 1566118?
True
Is 260031 a multiple of 71?
False
Does 210 divide 799470?
True
Is 2569129 a multiple of 743?
False
Is 73 a factor of 8724094?
False
Does 224 divide 1070391?
False
Does 67 divide 97586?
False
Is 73 a factor of 469495?
False
Is 14 a factor of 1025416?
True
Is 1827806 a multiple of 150?
False
Is 1168425 a multiple of 111?
False
Is 7 a factor of 84119?
True
Is 10 a factor of 144570?
True
Does 5 divide 1918214?
False
Is 278369 a multiple of 637?
True
Is 17 a factor of 22508?
True
Is 281 a factor of 533619?
True
Is 11 a factor of 64160?
False
Is 4029713 a multiple of 215?
False
Does 10 divide 406840?
True
Is 156758 a multiple of 26?
False
Does 22 divide 38456?
True
Is 679679 a multiple of 91?
True
Is 7276970 a multiple of 28?
False
Is 1875720 a multiple of 264?
True
Is 38502 a multiple of 138?
True
Is 19077 a multiple of 40?
False
Is 936078 a multiple of 13?
True
Is 35 a factor of 108395?
True
Is 8285 even?
False
Is 332 a factor of 299796?
True
Is 717838 a multiple of 22?
True
Is 32 a factor of 346702?
False
Is 61 a factor of 7022747?
True
Is 75437 a multiple of 28?
False
Is 296 a factor of 3131680?
True
Does 38 divide 3154?
True
Is 32 a factor of 3063360?
True
Does 6 divide 1998807?
False
Does 15 divide 1915072?
False
Is 39168 a multiple of 9?
True
Does 519 divide 11074941?
True
Is 13 a factor of 42315?
True
Is 17 a factor of 8545581?
False
Is 8807810 a multiple of 5?
True
Is 66748 a multiple of 39?
False
Is 284078 a multiple of 1021?
False
Does 44 divide 258843?
False
Is 127706 a multiple of 17?
False
Is 16 a factor of 222432?
True
Does 13 divide 555439?
False
Is 1869721 a multiple of 549?
False
Is 10867321 a multiple of 44?
False
Is 36 a factor of 356821?
False
Is 298 a factor of 5219824?
False
Does 93 divide 174747?
True
Does 49 divide 371926?
False
Does 41 divide 2106375?
True
Does 185 divide 1584427?
False
Is 458 a factor of 428233?
False
Is 1384059 a multiple of 625?
False
Is 58 a factor of 2504440?
True
Is 7493536 a multiple of 16?
True
Is 137 a factor of 4069135?
False
Does 7 divide 100422?
True
Is 741 a factor of 57012?
False
Is 9989856 a multiple of 4?
True
Is 119 a factor of 92701?
True
Is 67886 a multiple of 17?
False
Is 20 a factor of 395860?
True
Is 62 a factor of 983670?
False
Does 7 divide 182798?
True
Is 12138655 a multiple of 6?
False
Is 13 a factor of 10259?
False
Is 69 a factor of 117990?
True
Does 105 divide 243180?
True
Is 513145 a multiple of 260?
False
Is 87226 a multiple of 199?
False
Is 37 a factor of 754482?
False
Is 48321 a multiple of 13?
True
Is 1093320 a multiple of 20?
True
Does 3 divide 54158?
False
Does 19 divide 561817?
False
Is 13769392 a multiple of 14?
True
Does 119 divide 1482400?
False
Is 59 a factor of 602829?
False
Is 10 a factor of 134360?
True
Does 37 divide 58412?
False
Is 6619051 a multiple of 1049?
False
Is 263890 a multiple of 2?
True
Is 28 a factor of 3085880?
True
Is 195808 a multiple of 32?
True
Does 24 divide 3899112?
True
Is 26478 a multiple of 3?
True
Is 14 a factor of 1116695?
False
Is 28 a factor of 1078728?
True
Is 289 a factor of 2902129?
False
Is 227 a factor of 1279122?
False
Is 91 a factor of 1526525?
True
Does 91 divide 112840?
True
Is 784821 a multiple of 221?
False
Is 205 a factor of 2321830?
True
Does 64 divide 3255684?
False
Does 141 divide 107442?
True
Is 88 a factor of 1465386?
False
Is 252 a factor of 350028?
True
Does 6 divide 130433?
False
Is 72 a factor of 73728?
True
Does 181 divide 32399?
True
Is 13 a factor of 2071394?
True
Is 2933112 a multiple of 51?
True
Is 2450493 a multiple of 81?
True
Is 48663 a multiple of 5?
False
Is 22 a factor of 2046330?
True
Is 234796 a multiple of 4?
True
Is 114 a factor of 202157?
False
Is 323643 a multiple of 3?
True
Is 147 a factor of 141561?
True
Does 41 divide 103033?
True
Does 13 divide 2786586?
False
Is 985883 a multiple of 26?
False
Does 86 divide 8569789?
False
Does 12 divide 13676?
False
Is 11 a factor of 397815?
True
Is 20 a factor of 433820?
True
Does 739 divide 21323845?
True
Does 25 divide 22176?
False
Is 2452912 a multiple of 176?
True
Does 334 divide 1211346?
False
Is 6650340 a multiple of 20?
True
Does 298 divide 1190047?
False
Is 786 a factor of 1347990?
True
Is 7 a factor of 51025?
False
Does 296 divide 3426467?
False
Does 30 divide 34950?
True
Is 4 a factor of 461972?
True
Is 3 a factor of 798820?
False
Is 1750532 a multiple of 619?
True
Is 4375995 a multiple of 14?
False
Is 47 a factor of 10301427?
False
Is 37731 a multiple of 30?
False
Does 349 divide 304677?
True
Is 392221 a multiple of 2?
False
Is 16 a factor of 880000?
True
Is 21 a factor of 4818379?
False
Does 135 divide 2356099?
False
Is 6864360 a multiple of 602?
False
Does 25 divide 37414?
False
Does 361 divide 15620319?
False
Is 59 a factor of 1420868?
False
Is 74 a factor of 3694641?
False
Does 8 divide 77472?
True
Does 3 divide 816895?
False
Is 9298066 a multiple of 763?
False
Is 24 a factor of 182249?
False
Does 7 divide 139920?
False
Is 7471 a multiple of 31?
True
Is 215696 a multiple of 625?
False
Does 1188 divide 6680633?
False
Is 107 a factor of 36273?
True
Does 3 divide 535983?
True
Does 219 divide 15587793?
False
Is 377 a factor of 82940?
True
Is 233 a factor of 16776?
True
Is 594 a factor of 2923364?
False
Is 19 a factor of 81918?
False
Is 152 a factor of 42256?
True
Is 685 a factor of 10210391?
False
Is 116 a factor of 3417460?
False
Does 27 divide 758705?
False
Does 143 divide 882739?
True
Is 78 a factor of 1424162?
False
Is 412 a factor of 662496?
True
Is 3802111 a multiple of 204?
False
Does 5 divide 82430?
True
Is 145575 a multiple of 95?
False
Is 19 a factor of 444?
False
Is 239621 a multiple of 242?
False
Does 197 divide 533715?
False
Does 45 divide 126615?
False
Is 196291 a multiple of 16?
False
Is 669924 a multiple of 6?
True
Does 127 divide 1993947?
False
Does 35 divide 80082?
False
Does 3 divide 77117?
False
Is 1070154 a multiple of 287?
False
Is 1622087 a multiple of 19?
True
Is 1808768 a multiple of 832?
True
Is 72 a factor of 3009958?
False
Does 523 divide 2674355?
False
Does 72 divide 50344?
False
Is 7105570 a multiple of 10?
True
Is 777 a factor of 2140635?
True
Does 14 divide 1771067?
False
Is 118 a factor of 160680?
False
Is 716